{"id":18,"date":"2016-11-30T13:17:32","date_gmt":"2016-11-30T12:17:32","guid":{"rendered":"http:\/\/apdg.fr\/?page_id=18"},"modified":"2019-11-25T16:08:23","modified_gmt":"2019-11-25T15:08:23","slug":"espace-adherent","status":"publish","type":"page","link":"https:\/\/apdg.fr\/?page_id=18","title":{"rendered":"Espace adh\u00e9rents"},"content":{"rendered":"<p>Contenu r\u00e9serv\u00e9 aux adh\u00e9rents:&nbsp;&nbsp;<\/p>\n","protected":false},"excerpt":{"rendered":"<p>Contenu r\u00e9serv\u00e9 aux adh\u00e9rents:&nbsp;&nbsp;<\/p>\n","protected":false},"author":5,"featured_media":0,"parent":0,"menu_order":0,"comment_status":"closed","ping_status":"closed","template":"","meta":{"footnotes":""},"_links":{"self":[{"href":"https:\/\/apdg.fr\/index.php?rest_route=\/wp\/v2\/pages\/18"}],"collection":[{"href":"https:\/\/apdg.fr\/index.php?rest_route=\/wp\/v2\/pages"}],"about":[{"href":"https:\/\/apdg.fr\/index.php?rest_route=\/wp\/v2\/types\/page"}],"author":[{"embeddable":true,"href":"https:\/\/apdg.fr\/index.php?rest_route=\/wp\/v2\/users\/5"}],"replies":[{"embeddable":true,"href":"https:\/\/apdg.fr\/index.php?rest_route=%2Fwp%2Fv2%2Fcomments&post=18"}],"version-history":[{"count":13,"href":"https:\/\/apdg.fr\/index.php?rest_route=\/wp\/v2\/pages\/18\/revisions"}],"predecessor-version":[{"id":374,"href":"https:\/\/apdg.fr\/index.php?rest_route=\/wp\/v2\/pages\/18\/revisions\/374"}],"wp:attachment":[{"href":"https:\/\/apdg.fr\/index.php?rest_route=%2Fwp%2Fv2%2Fmedia&parent=18"}],"curies":[{"name":"wp","href":"https:\/\/api.w.org\/{rel}","templated":true}]}}